e number?
False
Is 25129469 a prime number?
True
Is 10313733 composite?
True
Is 7772461 a prime number?
True
Is 15953551 a composite number?
True
Is 11246641 composite?
True
Is 1109431 prime?
True
Is 7997989 prime?
True
Is 92333 a composite number?
False
Is 76503287 a prime number?
False
Is 1194989 prime?
False
Is 475601 a prime number?
False
Is 2728829 composite?
True
Is 631983373 prime?
False
Is 25495966 a prime number?
False
Is 161769577 a prime number?
True
Is 401139185 a prime number?
False
Is 146182 a composite number?
True
Is 59233319 a composite number?
False
Is 175998467 prime?
False
Is 1318927 prime?
True
Is 6203663 a prime number?
True
Is 15089297 composite?
True
Is 441605 prime?
False
Is 40149661 a prime number?
False
Is 11473537 a prime number?
True
Is 528090457 prime?
True
Is 317 prime?
True
Is 15449683 a composite number?
True
Is 2689909 prime?
False
Is 9680011 a composite number?
True
Is 647521377 prime?
False
Is 2192207 a prime number?
True
Is 22211913 composite?
True
Is 22822399 prime?
False
Is 664951 prime?
False
Is 162460643 prime?
False
Is 32056637 a composite number?
False
Is 2496553 a prime number?
True
Is 124117787 composite?
False
Is 10719715 a composite number?
True
Is 57155257 composite?
True
Is 12111779 a prime number?
True
Is 1391957 prime?
False
Is 275121278 a prime number?
False
Is 148882 prime?
False
Is 9419737 composite?
False
Is 1451089 a composite number?
True
Is 34226897 a composite number?
True
Is 3089311 composite?
False
Is 81699421 prime?
True
Is 88352107 composite?
False
Is 88952387 prime?
True
Is 39567083 a composite number?
False
Is 250038517 prime?
False
Is 2913227 a composite number?
True
Is 8640163 composite?
True
Is 315376799 composite?
False
Is 65797961 a prime number?
True
Is 328586681 composite?
False
Is 61331 a prime number?
True
Is 146613749 a composite number?
True
Is 729493 a composite number?
False
Is 64366 prime?
False
Is 5200823 composite?
True
Is 5908897 a composite number?
False
Is 1084579 a prime number?
True
Is 86791933 prime?
True
Is 183280843 a prime number?
True
Is 106439317 a prime number?
False
Is 2899847 a composite number?
False
Is 3895709 composite?
False
Is 400035929 a composite number?
False
Is 21440509 composite?
True
Is 293286647 a composite number?
False
Is 37026967 prime?
True
Is 734585 a composite number?
True
Is 13593121 a prime number?
False
Is 8144951 prime?
True
Is 15177641 a composite number?
True
Is 2501281 a prime number?
True
Is 213808479 a prime number?
False
Is 25658651 composite?
False
Is 3504959 a composite number?
True
Is 13177189 a prime number?
False
Is 1805273 a prime number?
False
Is 1113511 a composite number?
True
Is 35000111 composite?
True
Is 15062279 a composite number?
False
Is 8646457 a prime number?
True
Is 5157631 composite?
True
Is 6960103 a prime number?
True
Is 2487821399 a composite number?
True
Is 8894059 composite?
False
Is 49382899 a composite number?
True
Is 9742081 a prime number?
False
Is 505992329 composite?
False
Is 738733 composite?
True
Is 2593511 a prime number?
True
Is 151313177 a prime number?
True
Is 7284799 a prime number?
True
Is 348170989 a composite number?
False
Is 11125319 a prime number?
True
Is 4707293 prime?
False
Is 401935679 composite?
True
Is 59270737 composite?
False
Is 3690203 composite?
True
Is 5029067 composite?
False
Is 429966211 a composite number?
False
Is 48589193 a prime number?
True
Is 20004493 a composite number?
True
Is 903781 composite?
False
Is 279073 prime?
True
Is 49925455 a prime number?
False
Is 31774021 a composite number?
True
Is 5418122 a composite number?
True
Is 2487701 a composite number?
False
Is 13088087 a prime number?
False
Is 84625627 prime?
True
Is 5631569 prime?
True
Is 64173679 composite?
False
Is 85578233 a composite number?
True
Is 14245051 a prime number?
True
Is 95587759 composite?
False
Is 3698755 a prime number?
False
Is 2959427 a composite number?
False
Is 3161591 prime?
False
Is 105496241 a prime number?
False
Is 1377143 a composite number?
True
Is 4837493 a prime number?
True
Is 28839659 a prime number?
False
Is 31728421 prime?
True
Is 97957039 prime?
False
Is 230986009 a prime number?
False
Is 88218331 composite?
False
Is 9959039 prime?
False
Is 25793 a prime number?
True
Is 5231527 prime?
False
Is 4006091 a prime number?
True
Is 145016873 prime?
False
Is 6739729 a composite number?
True
Is 6748771 a composite number?
False
Is 109602079 composite?
False
Is 19527979 a composite number?
False
Is 53463551 composite?
True
Is 53568118 prime?
False
Is 4247863 composite?
False
Is 2375699 composite?
True
Is 5601767 composite?
False
Is 18730661 a composite number?
True
Is 16380053 a prime number?
False
Is 945587 a composite number?
False
Is 3223399 composite?
False
Is 77466083 prime?
True
Is 45829 a prime number?
False
Is 561347 a prime number?
True
Is 7342441 composite?
False
Is 4593133 a composite number?
False
Is 1123529 composite?
True
Is 1107611 prime?
False
Is 46649399 a prime number?
True
Is 25617103 a prime number?
True
Is 7539889 prime?
False
Is 5784001 composite?
False
Is 71962259 a prime number?
True
Is 5282621 composite?
False
Is 7931093 a composite number?
True
Is 22513913 composite?
True
Is 40909549 a composite number?
False
Is 533189 prime?
True
Is 28620674 a prime number?
False
Is 246262759 composite?
False
Is 37381637 prime?
True
Is 35727287 prime?
False
Is 548815151 prime?
True
Is 107130899 a prime number?
True
Is 421903333 a composite number?
False
Is 10227467 composite?
False
Is 51686519 a prime number?
True
Is 290879405 prime?
False
Is 15298627 composite?
False
Is 155735543 prime?
True
Is 10317441 a composite number?
True
Is 7884454 a composite number?
True
Is 590687 a prime number?
False
Is 12942959 composite?
False
Is 2916971 a composite number?
False
Is 15172831 composite?
True
Is 460515371 a composite number?
False
Is 5771357 a composite number?
False
Is 89405039 prime?
False
Is 231565889 composite?
False
Is 749599 prime?
False
Is 1420447 a prime number?
False
Is 7651723 a composite number?
False
Is 263533 a composite number?
False
Is 14423509 a prime number?
True
Is 5231591 composite?
True
Is 133300591 composite?
False
Is 21360539 a prime number?
False
Is 44571061 a composite number?
False
Is 902211977 composite?
False
Is 47447899 a composite number?
False
Is 314891 a prime number?
False
Is 182458223 composite?
False
Is 3657331 a prime number?
True
Is 48021491 a composite number?
True
Is 101463977 a prime number?
False
Is 1117349 composite?
False
Is 1053863 a composite number?
False
Is 1100419 a prime number?
True
Is 7958309 a composite number?
False
Is 152527 composite?
True
Is 36121047 a composite number?
True
Is 127890421 a composite number?
False
Is 8145427 prime?
False
Is 1517353 a composite number?
True
Is 45149861 a prime number?
True
Is 15572849 a composite number?
True
Is 11073071 prime?
True
Is 3438263 a prime number?
True
Is 576570497 prime?
False
Is 40277323 prime?
True
Is 11247737 a composite number?
True
Is 27884293 a composite number?
True
Is 19338421 a composite number?
False
Is 38882729 a composite number?
False
Is 205992571 composite?
True
Is 18774829 a composite number?
True
Is 28297559 composite?
False
Is 13449391 a prime number?
True
Is 21706427 a composite number?
False
Is 127093493 a composite number?
True
Is 113235142 composite?
True
Is 2031343 a prime number?
False
Is 139241551 a composite number?
True
Is 36385511 a prime number?
False
Is 12044797 composite?
False
Is 63622271 a prime number?
True
Is 6312769 prime?
False
Is 104431381 a prime number?
False
Is 660697 a prime number?
False
Is 81695683 a prime number?
True
Is 182818213 composite?
True
Is 33150931 a prime number?
False
Is 5439139 prime?
True
Is 8704913 a composite number?
True
Is 181830991 a prime number?
True
Is 34948649 composite?
False
Is 1450199 prime?
True
Is 2233186 composite?
True
Is 687853 a composite number?
True
Is 13440433 prime?
False
Is 8099347 a composite number?
False
Is 236789417 prime?
True
Is 101559391 a prime number?
True
Is 4180558 a composite number?
True
Is 10582321 prime?
False
Is 1611689 a composite number?
False
Is 146693923 a prime number?
False
Is 232904339 a composite number?
False
Is 13745107 prime?
True
Is 5313859 a composite number?
Tru